{"id":29,"date":"2022-05-14T13:53:22","date_gmt":"2022-05-14T16:53:22","guid":{"rendered":"https:\/\/www.vitser.com.ar\/?page_id=29"},"modified":"2022-05-14T13:53:22","modified_gmt":"2022-05-14T16:53:22","slug":"el-factor-de-potencia","status":"publish","type":"page","link":"https:\/\/www.vitser.com.ar\/index.php\/el-factor-de-potencia\/","title":{"rendered":"El Factor de Potencia"},"content":{"rendered":"\n<p>Cuando se conecta una carga a una l\u00ednea en tensi\u00f3n, absorbe una corriente que depende de las caracter\u00edsticas el\u00e9ctricas de dicha carga. El producto de esta corriente por la tensi\u00f3n aplicada se denomina potencia aparente.<\/p>\n\n\n\n<p>La potencia aparente est\u00e1 compuesta por la potencia activa, que es aquella que la carga puede suministrar al exterior (en forma de energ\u00eda mec\u00e1nica o calor), y por la potencia reactiva que es necesaria para generar campos magn\u00e9ticos imprescindibles para el funcionamiento de determinados tipos de cargas. se define como factor de potencia o (en sistemas sinusoidales puros) cos fi a la relaci\u00f3n ente la potencia activa y la potencia aparente.<\/p>\n\n\n\n<figure class=\"wp-block-table\"><table><tbody><tr><td>Cos.F i=<\/td><td>Potencia Activa<\/td><\/tr><tr><td><\/td><td>Potencia Aparente<\/td><\/tr><\/tbody><\/table><\/figure>\n\n\n\n<p><strong><br>Compensaci\u00f3n de la energ\u00eda reactiva<\/strong><\/p>\n\n\n\n<p>Aunque la energia reactiva requerida por las cargas inductivas no se transforma en trabajo \u00fatil, debe ser generada, transportada y distribuida por la red el\u00e9ctrica. Esto obliga al sobredimensionado de transformadores, generadores y l\u00edneas de tensi\u00f3n. Por esta raz\u00f3n, las compa\u00f1\u00edas el\u00e9ctricas penalizan el consumo de energ\u00eda reactiva, aplicando recargos<br>Los equipos correctores del factor de potencia instalados en la proximidad de las cargas inductivas producen la energ\u00eda reactiva requerida por \u00e9stas. Su conex\u00edon a una red el\u00e9ctrica se denomina compensaci\u00f3n o mejora del factor de potencia (cos.Fi), y constituye el m\u00e9todo m\u00e1s econ\u00f3mico, r\u00e1pido y seguro de proporcionar la energ\u00eda reactiva requerida.<br>Las ventajas obtenidas con la mejora del factor de potencia son las siguientes.<\/p>\n\n\n\n<ul class=\"wp-block-list\"><li><strong>Supresi\u00f3n de recargos en la factura de energ\u00eda el\u00e9ctrica<\/strong><\/li><li><strong>Disminuci\u00f3n de las p\u00e9rdidas de energ\u00eda activa en los cables<\/strong><\/li><li><strong>Mayor potencia disponible en el secundario de los transformadores<\/strong><\/li><li><strong>Reducci\u00f3n de las ca\u00eddas de tensi\u00f3n (elevaci\u00f3n de tensi\u00f3n en los finales de l\u00ednea)<\/strong><\/li><\/ul>\n","protected":false},"excerpt":{"rendered":"<p>Cuando se conecta una carga a una l\u00ednea en tensi\u00f3n, absorbe una corriente que depende de las caracter\u00edsticas el\u00e9ctricas de dicha carga. El producto de esta corriente por la tensi\u00f3n aplicada se denomina potencia aparente. La potencia aparente est\u00e1 compuesta por la potencia activa, que es aquella que la carga puede suministrar al exterior (en [&hellip;]<\/p>\n","protected":false},"author":1,"featured_media":0,"parent":0,"menu_order":0,"comment_status":"closed","ping_status":"closed","template":"","meta":{"footnotes":""},"class_list":["post-29","page","type-page","status-publish","hentry"],"_links":{"self":[{"href":"https:\/\/www.vitser.com.ar\/index.php\/wp-json\/wp\/v2\/pages\/29","targetHints":{"allow":["GET"]}}],"collection":[{"href":"https:\/\/www.vitser.com.ar\/index.php\/wp-json\/wp\/v2\/pages"}],"about":[{"href":"https:\/\/www.vitser.com.ar\/index.php\/wp-json\/wp\/v2\/types\/page"}],"author":[{"embeddable":true,"href":"https:\/\/www.vitser.com.ar\/index.php\/wp-json\/wp\/v2\/users\/1"}],"replies":[{"embeddable":true,"href":"https:\/\/www.vitser.com.ar\/index.php\/wp-json\/wp\/v2\/comments?post=29"}],"version-history":[{"count":1,"href":"https:\/\/www.vitser.com.ar\/index.php\/wp-json\/wp\/v2\/pages\/29\/revisions"}],"predecessor-version":[{"id":30,"href":"https:\/\/www.vitser.com.ar\/index.php\/wp-json\/wp\/v2\/pages\/29\/revisions\/30"}],"wp:attachment":[{"href":"https:\/\/www.vitser.com.ar\/index.php\/wp-json\/wp\/v2\/media?parent=29"}],"curies":[{"name":"wp","href":"https:\/\/api.w.org\/{rel}","templated":true}]}}